-12.
8
Suppose -4*g = q - 57, -g - 4*q = -21 + 3. Let f = 75 + -49. What is the remainder when f is divided by g?
12
Let i(d) = 3*d**2 - 3*d + 1. Calculate the remainder when ((-2)/(-6))/((-3)/(-99)) is divided by i(2).
4
Let i = 2 - -3. Suppose 960 = -j + i*j. Suppose -5*d = f - 245, -j = 2*d - 7*d - 2*f. What is the remainder when d is divided by 13?
11
Let u(t) = -1 - 2*t + 7*t**2 + 0*t - t**3 + 11*t. What is the remainder when 1/(1 - (-12)/(-13)) is divided by u(8)?
6
Calculate the remainder when 8 is divided by (-7)/(28/(-16)) - 2.
0
Let h be (-32)/14 + 4/14. Calculate the remainder when ((-3)/3)/(h/106) is divided by 11.
9
Let w = 9 + -6. Suppose 0 = o - 2*f - 78, -o = 2*o + w*f - 261. Suppose -k + o = k. What is the remainder when k is divided by 11?
9
Let c be -1 - (-1 + -1)/2. Suppose 276 = 4*r + 4*i, c = 4*r - 3*i + i - 300. Let w = r + -36. Calculate the remainder when w is divided by 13.
11
Let r(a) = -5*a - 3. Suppose -w = 4*w - 50. Calculate the remainder when r(-6) is divided by w.
7
Suppose -226 = -4*x - 2*n - n, n - 167 = -3*x. What is the remainder when x is divided by 14?
13
Suppose c = 4*h + 72, c - 3*c + 4*h = -160. Suppose -4*q = 3*f - 83, -q = -f - 2*f + c. What is the remainder when f is divided by 6?
5
Let w = -107 - -163. Let q be 1*3 - 2/(-2). Suppose -q*m + 76 = -0*m. What is the remainder when w is divided by m?
18
Let n = -6 - -8. Calculate the remainder when 5 is divided by n.
1
Let p(m) = 2*m + 3. What is the remainder when 100 is divided by p(7)?
15
Suppose 5*t = 4*k + 371, 4*t - 292 = 5*k - 3*k. What is the remainder when t is divided by 24?
23
Let z(f) = 4*f**2 + 5*f - 5. Let c be z(-5). Suppose 2*j = 4*j - c. Suppose 3*n = 3*y - 24, 2*n - 20 = -2*y + y. Calculate the remainder when j is divided by y.
11
Suppose -2*y = -8*y + 738. Calculate the remainder when y is divided by 25.
23
Let z = 2 + 10. What is the remainder when 45 is divided by z?
9
Calculate the remainder when 99 is divided by ((-48)/30)/((-2)/25).
19
Let g be 2 + -3 - -3 - 2. Suppose g = p + p - 4. Let y = p + 1. Calculate the remainder when 7 is divided by y.
1
Let v(b) = b**3 + 9*b**2 - 7*b - 13. Let u be v(-9). Suppose 5*q + 0*q = u. Calculate the remainder when q is divided by 6.
4
Let i(c) = -c + 18. Calculate the remainder when i(8) is divided by 3.
1
Let c be ((-2)/6)/(3/9). Let w = 6 - c. Suppose -3*u = 12, 3*l - 7*l + 68 = -5*u. What is the remainder when l is divided by w?
5
Suppose 0 = s - g - 2*g - 10, 4*g = 0. Suppose i - 5*c + 1 + 5 = 0, -c - 30 = 5*i. Let d = s + i. What is the remainder when 15 is divided by d?
3
Suppose 11 = 5*v - 9, -2*v + 13 = 5*w. What is the remainder when 1 is divided by w?
0
Let x(j) = 15*j**2 + j + 2. Let d be x(-2). Suppose 4*y - 40 = -2*l, 0*y = -4*l - 3*y + d. Calculate the remainder when 23 is divided by l.
11
Let f = -3 - -20. Let u(t) = 6*t - 5. What is the remainder when u(9) is divided by f?
15
Calculate the remainder when 66 is divided by 2*2 - (-17 - -7).
10
Let s(d) = 2*d**2 + 2*d - 21. Calculate the remainder when s(6) is divided by 16.
15
Let n = -10 + 38. What is the remainder when 53 is divided by n?
25
Suppose -5 = 2*n - 53. What is the remainder when n is divided by 7 + 3/2*(-8)/(-6)?
6
Suppose -12*x + 319 = -x. What is the remainder when 171 is divided by x?
26
Suppose 6*r = 12*r - 102. What is the remainder when 50 is divided by r?
16
Suppose 0 = 3*o + 3*g + 9, -3*o = -0*o + 2*g + 6. What is the remainder when o/7 + (9 - 0) is divided by 5?
4
Let v be 1/2*0 - -19. What is the remainder when 58 is divided by (-1 - 2) + v + -1?
13
Let q(p) = p**2 - 13*p + 2. Let b(v) = 2*v**2 - 26*v + 4. Let o(j) = -3*b(j) + 5*q(j). What is the remainder when o(9) is divided by 9?
7
Let w(o) be the first derivative of -o**3/3 - 5*o**2/2 + o - 2. What is the remainder when w(-4) is divided by 2?
1
Let l(c) = -2*c**3 + 2*c**2 + 5*c + 3. Calculate the remainder when (-872)/(-14) + 2/(-7) is divided by l(-2).
11
Let o(x) = -7*x + 16*x**2 + 1 + 11*x - 4*x. Calculate the remainder when o(-1) is divided by 9.
8
Let j(k) = -4*k**2 + 1. Let q be j(1). Let d be 9*q*33/(-27). Suppose 4*g = d - 5. What is the remainder when 19 is divided by g?
5
Calculate the remainder when 5 is divided by (-6)/4*(80/6)/(-5).
1
What is the remainder when 26 is divided by 5*(-5 - (-31)/5)?
2
Let l(p) = p**3 + 6*p**2 - p - 2. Let j be l(-6). Let o be (-2 + 3)*(-2 + 2). Suppose j*k = -o*k + 44. Calculate the remainder when 21 is divided by k.
10
Let f be -3 + 3 - (-2 + 3). Calculate the remainder when (f - 9/(-6))*14 is divided by 2.
1
What is the remainder when (4 + 88/(-20))*65/(-1) is divided by 9?
8
Let t = -14 + 21. Suppose 4*w - t*p + 2*p = 119, -89 = -3*w + 4*p. Calculate the remainder when w is divided by 16.
15
Let q(p) = 3*p**2 - p - 1. Calculate the remainder when q(3) is divided by 6.
5
Suppose -5*b - 4 + 29 = 0. Suppose 3*z = -5 - 1, -5*h = -b*z - 45. Suppose -o + h = 1. Calculate the remainder when 10 is divided by o.
4
Suppose 6*r = r, -3*t = 5*r - 54. Suppose m - 6*m + 50 = 0. Calculate the remainder when t is divided by m.
8
Let l(y) = y**2 + 10. Let f be l(0). Let z = f + -7. Calculate the remainder when z is divided by 3.
0
Let x(f) = -f**3 - f**2 + 2*f - 2. What is the remainder when 18 is divided by x(-3)?
8
Let l = 29 - 14. Suppose 4*q - 185 = -3*f, -5*q - 2*f + 208 = -6*f. What is the remainder when q is divided by l?
14
Suppose 5*s + 88 = c, -3*c + s + 208 = -0*c. What is the remainder when 337 is divided by c?
65
Let u = -6 + 5. Calculate the remainder when (8*-1*7)/u is divided by 19.
18
Let t(n) = -n**2 + 23*n + 3. Calculate the remainder when 97 + (-1 - (-1 + 0)) is divided by t(22).
22
Let c = 167 + -107. What is the remainder when c is divided by 25 - 1 - (5 - 2)?
18
Let t(x) = -2*x**3 - 2*x**2 - 3*x. Calculate the remainder when 41 is divided by t(-2).
13
Let p(b) = -b**3 + 8*b**2 + 4*b - 11. Suppose -h - 2*m + 2 = 0, -4 = -2*h - 3*m + 3. Calculate the remainder when 39 is divided by p(h).
18
What is the remainder when 26 is divided by (20/(-14))/((-4)/28)?
6
Suppose -3*q = q - 260. What is the remainder when q is divided by 17?
14
Suppose 0 = 5*a - 25, -a = -b - 0*a. Suppose x = -5, 4*d - b*x + x = 120. Calculate the remainder when 98 is divided by d.
23
Let l = -46 - -92. What is the remainder when l is divided by ((-24)/(-16))/((-30)/16 + 2)?
10
Let q(x) = -44*x**3 + x. Suppose 4*r - 52 = 4*j, 4*r - r + 5*j - 23 = 0. What is the remainder when q(-1) is divided by r?
10
Suppose 61 + 64 = 5*r. Calculate the remainder when 72 is divided by r.
22
Let f(y) = y**2 + y + 18. What is the remainder when 71 is divided by f(0)?
17
Let z(b) = b + 5. Let x be z(-4). Let i = 0 + x. Let h(w) = -w**3 - 3*w**2 - 4*w - 2. Calculate the remainder when h(-2) is divided by i.
0
Let n = 123 - 27. Let v = n + -11. Calculate the remainder when v is divided by 29.
27
What is the remainder when (2 + -199)/(4/(-4)) is divided by 50?
47
Suppose 5*c + 0*c + 1690 = 0. What is the remainder when ((-6)/4)/(13/c) is divided by 10?
9
Let l(b) = -b**3 - 6*b**2 + 6*b - 4. Let m be 5/(2*-1 + 3). Calculate the remainder when 39/m - (-2)/10 is divided by l(-7).
2
What is the remainder when 13 is divided by (2 - 2) + (-8)/(-2)?
1
Suppose 4*q = -c + 59, 3*q + 16 = 5*q - 4*c. Suppose 5*n - 79 - 51 = 0. What is the remainder when n is divided by q?
12
Let h(g) = -18*g. Let t be h(-3). Suppose -l - 31 - 7 = 0. Let d = l + t. Calculate the remainder when 46 is divided by d.
14
Let w(l) = 2*l**2 - 2*l + 1. Calculate the remainder when 73 is divided by w(4).
23
Suppose 3*h - 4*f = 16 + 4, 4*h - 20 = 2*f. What is the remainder when 10 is divided by h?
2
Suppose -2 + 5 = 2*u - c, 5*c = -5. What is the remainder when 2 is divided by u?
0
Let d = -87 - -42. Let l be -1 - 1/(3/d). Let b = 2 + l. What is the remainder when 30 is divided by b?
14
What is the remainder when 14/(-2 + 16/4) is divided by 2?
1
Suppose 3 = 4*v - v. Calculate the remainder when v/3*(1 - -38) is divided by (14/(-4))/((-2)/4).
6
Let u = 2 + 0. Suppose -u*r = 8, r + 24 = p + 2. What is the remainder when (-4)/p - (-606)/54 is divided by 6?
5
Suppose -4*h + 4*o + 36 = 0, 2*h + 8*o - 3*o - 32 = 0. Calculate the remainder when 43 is divided by h.
10
Let g(h) = -14*h + 7. Suppose